{"id":68,"date":"2025-02-19T10:32:16","date_gmt":"2025-02-19T09:32:16","guid":{"rendered":"https:\/\/conrad-oelert.de\/havanna\/?page_id=68"},"modified":"2025-02-24T18:09:28","modified_gmt":"2025-02-24T17:09:28","slug":"our-tour","status":"publish","type":"page","link":"https:\/\/conrad-oelert.de\/havanna\/our-tour\/","title":{"rendered":"Our tour"},"content":{"rendered":"\t\t<div data-elementor-type=\"wp-page\" data-elementor-id=\"68\" class=\"elementor elementor-68\">\n\t\t\t\t<div class=\"elementor-element elementor-element-cffb768 e-flex e-con-boxed e-con e-parent\" data-id=\"cffb768\" data-element_type=\"container\" data-e-type=\"container\">\n\t\t\t\t\t<div class=\"e-con-inner\">\n\t\t\t\t<div class=\"elementor-element elementor-element-c7c3081 elementor-widget elementor-widget-text-editor\" data-id=\"c7c3081\" data-element_type=\"widget\" data-e-type=\"widget\" data-widget_type=\"text-editor.default\">\n\t\t\t\t<div class=\"elementor-widget-container\">\n\t\t\t\t\t\t\t\t\t<ol><li>Start May 2025 in Eckernf\u00f6rde, Germany<\/li><li>Through the NOK, TO farewell in Cuxhaven, English Channel, down the coast to Lisbon, then Madeira, Canary Islands and with the ARC on November 23, 2025 to the Caribbean, then everything is open<\/li><li><a href=\"https:\/\/www.polarsteps.com\" target=\"_blank\" rel=\"noopener\">www.polarsteps.com<\/a><\/li><\/ol>\t\t\t\t\t\t\t\t<\/div>\n\t\t\t\t<\/div>\n\t\t\t\t\t<\/div>\n\t\t\t\t<\/div>\n\t\t<div class=\"elementor-element elementor-element-e57e70b e-flex e-con-boxed e-con e-parent\" data-id=\"e57e70b\" data-element_type=\"container\" data-e-type=\"container\">\n\t\t\t\t\t<div class=\"e-con-inner\">\n\t\t<div class=\"elementor-element elementor-element-450ce85 e-con-full e-flex e-con e-child\" data-id=\"450ce85\" data-element_type=\"container\" data-e-type=\"container\">\n\t\t\t\t<\/div>\n\t\t<div class=\"elementor-element elementor-element-fd0cbe9 e-con-full e-flex e-con e-child\" data-id=\"fd0cbe9\" data-element_type=\"container\" data-e-type=\"container\">\n\t\t\t\t<\/div>\n\t\t\t\t\t<\/div>\n\t\t\t\t<\/div>\n\t\t<div class=\"elementor-element elementor-element-72538a0 e-flex e-con-boxed e-con e-parent\" data-id=\"72538a0\" data-element_type=\"container\" data-e-type=\"container\">\n\t\t\t\t\t<div class=\"e-con-inner\">\n\t\t\t\t<div class=\"elementor-element elementor-element-7f0f6e0 elementor-widget__width-initial elementor-widget elementor-widget-text-editor\" data-id=\"7f0f6e0\" data-element_type=\"widget\" data-e-type=\"widget\" data-widget_type=\"text-editor.default\">\n\t\t\t\t<div class=\"elementor-widget-container\">\n\t\t\t\t\t\t\t\t\t<h4>24. Februar 2025 &#8211; AHOI alle Zusammen<\/h4><p>So, nun r\u00fcckt unsere gro\u00dfe Reise in Riesen-schritten n\u00e4her.<br \/>Ralf und ich tr\u00e4umen seit \u00fcber 45 Jahren davon, die Welt zu besegeln. Mit unserer Havanna wollen wir uns im Mai (2025!) aufmachen, der Plan geht bis zur Karibik im Dezember.<br \/>Ralf ist schon etwas l\u00e4nger zu Hause und treibt die Vorbereitungen akribisch voran.<br \/>Meine Kollegen entlassen mich in diesen Tagen in die Freiheit.<\/p>\t\t\t\t\t\t\t\t<\/div>\n\t\t\t\t<\/div>\n\t\t\t\t\t<\/div>\n\t\t\t\t<\/div>\n\t\t<div class=\"elementor-element elementor-element-05d8ed0 e-flex e-con-boxed e-con e-parent\" data-id=\"05d8ed0\" data-element_type=\"container\" data-e-type=\"container\">\n\t\t\t\t\t<div class=\"e-con-inner\">\n\t\t\t\t<div class=\"elementor-element elementor-element-7b1f267 elementor-widget elementor-widget-image\" data-id=\"7b1f267\" data-element_type=\"widget\" data-e-type=\"widget\" data-widget_type=\"image.default\">\n\t\t\t\t<div class=\"elementor-widget-container\">\n\t\t\t\t\t\t\t\t\t\t\t\t\t\t\t<img fetchpriority=\"high\" decoding=\"async\" width=\"1024\" height=\"473\" src=\"https:\/\/conrad-oelert.de\/havanna\/wp-content\/uploads\/2025\/02\/Abschied-Barbel-Buro-2-1024x473.jpg\" class=\"attachment-large size-large wp-image-134\" alt=\"\" srcset=\"https:\/\/conrad-oelert.de\/havanna\/wp-content\/uploads\/2025\/02\/Abschied-Barbel-Buro-2-1024x473.jpg 1024w, https:\/\/conrad-oelert.de\/havanna\/wp-content\/uploads\/2025\/02\/Abschied-Barbel-Buro-2-300x139.jpg 300w, https:\/\/conrad-oelert.de\/havanna\/wp-content\/uploads\/2025\/02\/Abschied-Barbel-Buro-2-768x355.jpg 768w, https:\/\/conrad-oelert.de\/havanna\/wp-content\/uploads\/2025\/02\/Abschied-Barbel-Buro-2-1536x710.jpg 1536w, https:\/\/conrad-oelert.de\/havanna\/wp-content\/uploads\/2025\/02\/Abschied-Barbel-Buro-2-2048x946.jpg 2048w\" sizes=\"(max-width: 1024px) 100vw, 1024px\" \/>\t\t\t\t\t\t\t\t\t\t\t\t\t\t\t<\/div>\n\t\t\t\t<\/div>\n\t\t\t\t\t<\/div>\n\t\t\t\t<\/div>\n\t\t<div class=\"elementor-element elementor-element-096517a e-flex e-con-boxed e-con e-parent\" data-id=\"096517a\" data-element_type=\"container\" data-e-type=\"container\">\n\t\t\t\t\t<div class=\"e-con-inner\">\n\t\t\t\t<div class=\"elementor-element elementor-element-cfdf49e elementor-widget elementor-widget-text-editor\" data-id=\"cfdf49e\" data-element_type=\"widget\" data-e-type=\"widget\" data-widget_type=\"text-editor.default\">\n\t\t\t\t<div class=\"elementor-widget-container\">\n\t\t\t\t\t\t\t\t\t<p>Wir sind absolut \u00fcberw\u00e4ltigt von den guten W\u00fcnschen und die Begleitung in Gedanken, vielleicht auch ein St\u00fcck weit in der Realit\u00e4t, von unserer Familie, Freunden, Kollegen und Bekannten.<br \/>Auf dieser Plattform nehmen wir Euch ein St\u00fcck weit mit in unsere neue Welt.<br \/><strong>Ganz wichtig!!!!!!!!!!!!!!!!<\/strong>, macht Euch keine Gedanken, wenn wir uns eine Weile mal nicht melden. Dann sind wir entweder besch\u00e4ftigt oder genie\u00dfen das Leben \uf04a.<\/p><p>Ganz liebe Gr\u00fc\u00dfe<\/p><p>Ralf und B\u00e4rbel<\/p>\t\t\t\t\t\t\t\t<\/div>\n\t\t\t\t<\/div>\n\t\t\t\t\t<\/div>\n\t\t\t\t<\/div>\n\t\t\t\t<\/div>\n\t\t","protected":false},"excerpt":{"rendered":"<p>Start May 2025 in Eckernf\u00f6rde, Germany Through the NOK, TO farewell in Cuxhaven, English Channel, down the coast to Lisbon, then Madeira, Canary Islands and with the ARC on November 23, 2025 to the Caribbean, then everything is open www.polarsteps.com 24. Februar 2025 &#8211; AHOI alle Zusammen So, nun r\u00fcckt unsere gro\u00dfe Reise in Riesen-schritten [&hellip;]<\/p>\n","protected":false},"author":1,"featured_media":0,"parent":0,"menu_order":0,"comment_status":"closed","ping_status":"closed","template":"","meta":{"footnotes":""},"class_list":["post-68","page","type-page","status-publish","hentry"],"_links":{"self":[{"href":"https:\/\/conrad-oelert.de\/havanna\/wp-json\/wp\/v2\/pages\/68","targetHints":{"allow":["GET"]}}],"collection":[{"href":"https:\/\/conrad-oelert.de\/havanna\/wp-json\/wp\/v2\/pages"}],"about":[{"href":"https:\/\/conrad-oelert.de\/havanna\/wp-json\/wp\/v2\/types\/page"}],"author":[{"embeddable":true,"href":"https:\/\/conrad-oelert.de\/havanna\/wp-json\/wp\/v2\/users\/1"}],"replies":[{"embeddable":true,"href":"https:\/\/conrad-oelert.de\/havanna\/wp-json\/wp\/v2\/comments?post=68"}],"version-history":[{"count":10,"href":"https:\/\/conrad-oelert.de\/havanna\/wp-json\/wp\/v2\/pages\/68\/revisions"}],"predecessor-version":[{"id":160,"href":"https:\/\/conrad-oelert.de\/havanna\/wp-json\/wp\/v2\/pages\/68\/revisions\/160"}],"wp:attachment":[{"href":"https:\/\/conrad-oelert.de\/havanna\/wp-json\/wp\/v2\/media?parent=68"}],"curies":[{"name":"wp","href":"https:\/\/api.w.org\/{rel}","templated":true}]}}

<div data-elementor-type="wp-page" data-elementor-id="68" class="elementor elementor-68">
				<div class="elementor-element elementor-element-cffb768 e-flex e-con-boxed e-con e-parent" data-id="cffb768" data-element_type="container" data-e-type="container">
					<div class="e-con-inner">
				<div class="elementor-element elementor-element-c7c3081 elementor-widget elementor-widget-text-editor" data-id="c7c3081" data-element_type="widget" data-e-type="widget" data-widget_type="text-editor.default">
				<div class="elementor-widget-container">
									<ol><li>Start May 2025 in Eckernförde, Germany</li><li>Through the NOK, TO farewell in Cuxhaven, English Channel, down the coast to Lisbon, then Madeira, Canary Islands and with the ARC on November 23, 2025 to the Caribbean, then everything is open</li><li><a href="https://www.polarsteps.com" target="_blank" rel="noopener">www.polarsteps.com</a></li></ol>								</div>
				</div>
					</div>
				</div>
		<div class="elementor-element elementor-element-e57e70b e-flex e-con-boxed e-con e-parent" data-id="e57e70b" data-element_type="container" data-e-type="container">
					<div class="e-con-inner">
		<div class="elementor-element elementor-element-450ce85 e-con-full e-flex e-con e-child" data-id="450ce85" data-element_type="container" data-e-type="container">
				</div>
		<div class="elementor-element elementor-element-fd0cbe9 e-con-full e-flex e-con e-child" data-id="fd0cbe9" data-element_type="container" data-e-type="container">
				</div>
					</div>
				</div>
		<div class="elementor-element elementor-element-72538a0 e-flex e-con-boxed e-con e-parent" data-id="72538a0" data-element_type="container" data-e-type="container">
					<div class="e-con-inner">
				<div class="elementor-element elementor-element-7f0f6e0 elementor-widget__width-initial elementor-widget elementor-widget-text-editor" data-id="7f0f6e0" data-element_type="widget" data-e-type="widget" data-widget_type="text-editor.default">
				<div class="elementor-widget-container">
									<h4>24. Februar 2025 &#8211; AHOI alle Zusammen</h4><p>So, nun rückt unsere große Reise in Riesen-schritten näher.<br />Ralf und ich träumen seit über 45 Jahren davon, die Welt zu besegeln. Mit unserer Havanna wollen wir uns im Mai (2025!) aufmachen, der Plan geht bis zur Karibik im Dezember.<br />Ralf ist schon etwas länger zu Hause und treibt die Vorbereitungen akribisch voran.<br />Meine Kollegen entlassen mich in diesen Tagen in die Freiheit.</p>								</div>
				</div>
					</div>
				</div>
		<div class="elementor-element elementor-element-05d8ed0 e-flex e-con-boxed e-con e-parent" data-id="05d8ed0" data-element_type="container" data-e-type="container">
					<div class="e-con-inner">
				<div class="elementor-element elementor-element-7b1f267 elementor-widget elementor-widget-image" data-id="7b1f267" data-element_type="widget" data-e-type="widget" data-widget_type="image.default">
				<div class="elementor-widget-container">
															<img fetchpriority="high" decoding="async" width="1024" height="473" src="https://conrad-oelert.de/havanna/wp-content/uploads/2025/02/Abschied-Barbel-Buro-2-1024x473.jpg" class="attachment-large size-large wp-image-134" alt="" srcset="https://conrad-oelert.de/havanna/wp-content/uploads/2025/02/Abschied-Barbel-Buro-2-1024x473.jpg 1024w, https://conrad-oelert.de/havanna/wp-content/uploads/2025/02/Abschied-Barbel-Buro-2-300x139.jpg 300w, https://conrad-oelert.de/havanna/wp-content/uploads/2025/02/Abschied-Barbel-Buro-2-768x355.jpg 768w, https://conrad-oelert.de/havanna/wp-content/uploads/2025/02/Abschied-Barbel-Buro-2-1536x710.jpg 1536w, https://conrad-oelert.de/havanna/wp-content/uploads/2025/02/Abschied-Barbel-Buro-2-2048x946.jpg 2048w" sizes="(max-width: 1024px) 100vw, 1024px" />															</div>
				</div>
					</div>
				</div>
		<div class="elementor-element elementor-element-096517a e-flex e-con-boxed e-con e-parent" data-id="096517a" data-element_type="container" data-e-type="container">
					<div class="e-con-inner">
				<div class="elementor-element elementor-element-cfdf49e elementor-widget elementor-widget-text-editor" data-id="cfdf49e" data-element_type="widget" data-e-type="widget" data-widget_type="text-editor.default">
				<div class="elementor-widget-container">
									<p>Wir sind absolut überwältigt von den guten Wünschen und die Begleitung in Gedanken, vielleicht auch ein Stück weit in der Realität, von unserer Familie, Freunden, Kollegen und Bekannten.<br />Auf dieser Plattform nehmen wir Euch ein Stück weit mit in unsere neue Welt.<br /><strong>Ganz wichtig!!!!!!!!!!!!!!!!</strong>, macht Euch keine Gedanken, wenn wir uns eine Weile mal nicht melden. Dann sind wir entweder beschäftigt oder genießen das Leben .</p><p>Ganz liebe Grüße</p><p>Ralf und Bärbel</p>								</div>
				</div>
					</div>
				</div>
				</div>

<p>Start May 2025 in Eckernförde, Germany Through the NOK, TO farewell in Cuxhaven, English Channel, down the coast to Lisbon, then Madeira, Canary Islands and with the ARC on November 23, 2025 to the Caribbean, then everything is open www.polarsteps.com 24. Februar 2025 &#8211; AHOI alle Zusammen So, nun rückt unsere große Reise in Riesen-schritten [&hellip;]</p>
